7*m - 61. Let s(t) = 4*t**2 + 15*t + 62. Let w(f) = -3*c(f) - 2*s(f). Let g be w(-3). What is d(g)?
4
Let a be (-14)/63 + 959/(-441)*-7. Let s(u) = u**3 - 17*u**2 + 35*u - 71. Give s(a).
4
Let h(r) be the first derivative of r**5/20 - r**4/2 - r**3/6 + 4*r**2 + 48*r - 66. Let o(x) be the first derivative of h(x). Give o(6).
2
Let p(q) = 17*q**2 - q - 168. Let i(z) = 47*z**2 - 5*z - 508. Let n(k) = -4*i(k) + 11*p(k). What is n(-10)?
-6
Let b(d) = d**2 - 15*d - 41. Let z be b(17). Let y be ((-32)/6)/(-3 + 28/12). Let w(o) = 3*o - 2 + y - o - 2. Give w(z).
-10
Let j(x) = -61*x + 132. Let k be j(2). Let m(r) = r**3 - 8*r**2 - 18*r - 12. What is m(k)?
8
Suppose 1013*o = 1027*o - 14. Let f(d) = 8*d**3 + 2*d**2 - 3*d + 2. What is f(o)?
9
Let l(y) be the first derivative of y**4/6 - y**3/6 - y**2/2 + y + 1. Let a(f) be the first derivative of l(f). Let x = -229956 - -229958. Calculate a(x).
5
Let g(q) = 2*q**2 + q - 1. Let k(u) = -3*u**2 - 2*u**2 + 9 + 10*u + 0*u + 0*u**2. Let h(j) = 3*g(j) + k(j). Determine h(-10).
-24
Let f be (-24)/1980*11 - 452*(-2)/30. Let m(i) = i**2 - 16*i - 417. What is m(f)?
3
Let u(w) = -11*w - 2 + 0*w**2 + 5*w + 5*w**2 + w**3 + 11*w - 4*w. Let z(o) = -o**3 + 7*o**2 + 7*o + 4. Let j be z(8). Let r be (j + 2 + 3)*-5. Give u(r).
-7
Let g(u) be the third derivative of -27*u + 0 - 3*u**2 - 2/3*u**3 - 1/24*u**4. Calculate g(-14).
10
Let c(h) = h**2 - 6*h - 10. Let w(p) = p**3 + 3*p**2 - 87*p - 11. Let x be w(8). Give c(x).
17
Let z(p) = -p**2 - 9*p + 9. Let b = 74 - 110. Suppose 0 = 3*u - 18 + 147. Let x = u - b. Calculate z(x).
23
Let i(t) be the second derivative of 3*t**5/10 + t**4/12 - t**3/6 - 15*t**2/2 + 98*t. Let s(o) be the first derivative of i(o). Give s(1).
19
Let w be (-5670)/1120 - 4/(-64). Let a(t) be the third derivative of -t**6/120 - t**5/15 + t**4/4 + t**3 - 2*t**2. Determine a(w).
1
Suppose -4*s - 180 = -4*i, 5*i - 3*s + 8*s - 235 = 0. Let p(z) = 28*z**2 + 1 - i*z**2 + z**3 + 23*z**2. Let t be 9/((-18)/16) + 3. Calculate p(t).
1
Let m(x) = -3*x - 44138*x**2 + 44135*x**2 - 5 + 11*x. Suppose -2*y - 15 = 5*j, 0*y - j + 20 = 5*y. Give m(y).
-40
Suppose 2*h - 1 = 3. Let j(n) = -9*n - 2. Let w(y) = 441*y + 99. Let m(b) = h*w(b) + 99*j(b). Let r be ((-3)/(-6))/(2/(-4)). Give m(r).
9
Let v = 198 - 193. Suppose 4*m = -5*g - 31, -2*g - v*m = -6*g + 8. Let r(l) = -l**3 - 3*l**2 + 3. What is r(g)?
3
Let d(i) = i**2 - 1381*i - 22351. Let g be d(-16). Let u(m) = 3 + m - 2*m**2 - 6 + 2. Calculate u(g).
-2
Let b(y) = 7*y**3 + 7*y**2 + 2*y + 4. Let f(g) = 9*g**3 + 7*g**2 + g + 5. Let s(x) = 4*b(x) - 3*f(x). Determine s(-5).
26
Suppose 0 = -0*j + 2*j - 18. Let c = j - 6. Let m(t) = 4*t + 4. Let s(z) = 5*z + 5. Let b(u) = -4*m(u) + 3*s(u). Calculate b(c).
-4
Let p(k) = -k - 10. Let x be ((-360)/(-16))/(2/4). Suppose -9*n = 36 + x. Determine p(n).
-1
Let u(s) = 7*s**3 - s - 1. Let q be (2/6)/(26 - (-1848)/(-72)). Give u(q).
5
Let i(w) = -w**3 + 16 - 8*w**3 + 12*w**3 - 3*w**3 + 7*w**2 - w**3 - 10*w. Give i(7).
-54
Let a = -1 - -30. Let t = a + -35. Let s(l) = l - 429*l**3 - 424*l**3 + 854*l**3 + 6*l**2 + 2. Calculate s(t).
-4
Let w(m) = -m**3 + 7*m**2 + m - 9. Let x be 3/(-12) + (-39)/(-12). Suppose x*s + 7*s = -30. Let d be (-19)/s - -2*(-1)/(-3). Determine w(d).
-2
Let k = 484 - 140. Let p(d) be the first derivative of -10 - 348*d - d**2 - d**2 + k*d. What is p(-4)?
12
Let w(l) = -2*l**2 - 6*l - 8. Let r(u) be the first derivative of -u**3 - 5*u**2 - 16*u + 147. Let f(o) = 3*r(o) - 5*w(o). Determine f(6).
28
Let d(g) = 4*g**2 - 91*g + 213*g - 123*g + 7 - 7. Determine d(3).
33
Let a(r) = 3*r**2 + r**3 + 1 - 2*r**2 - r + 11. Let z be (117 + 1 + -1)/(58 + -57). Let c = -117 + z. Calculate a(c).
12
Let w(g) = -20 - 65*g**2 + 9*g**2 + 29*g**2 - 13*g + 26*g**2. What is w(-10)?
10
Let g = -2744 + 2755. Let j(u) = -u**3 + 12*u**2 - 9*u + 1. Give j(g).
23
Let w(x) = -x**3 + 7*x**2 + 2. Let p = -23 + 23. Suppose 3*c + p*m - m = 11, -3*m = c + 13. Suppose 0 = -c*r + 2*d + 5 - 1, -r - 18 = -5*d. Calculate w(r).
2
Suppose 78*f = 69*f + 9. Let b(h) = -h**2 - 7*h + 6. Determine b(f).
-2
Let z(v) = -2*v - 12*v - 17*v - 111 + 2*v - v**3 - 26*v**2. Calculate z(-25).
-11
Suppose 9*c + 7*c = 39 - 7. Let a(p) be the first derivative of 11 - c*p**2 + 0*p + 1/4*p**4 + 4/3*p**3. Determine a(-5).
-5
Let o be 1/(-4) - 90/(-40). Let f(k) = 11*k**2 - 18*k**2 + 1 + 5*k**2 + k**o + 11*k. Give f(8).
25
Suppose -t = 2*y - 22, t + 3*y = 38 - 13. Suppose t*v + 3 = 19*v. Let o(q) = q**2 - 4*q + 5. Let k be o(v). Let j(x) = -x**3 - x + 1. What is j(k)?
-9
Let u = -30 + 5. Let o = u - -16. Let h(g) be the second derivative of -g**5/20 - 2*g**4/3 + 5*g**3/3 + 5*g**2 + 616*g. What is h(o)?
1
Let z = 405 - 402. Suppose 0 = 5*f - 3*t - 80, -20 = z*t - 7*t. Let y(p) = 3*p - 62. Give y(f).
-5
Let b(l) = -l**3 - 9*l**2 - 8*l - 2. Let j be b(-8). Let h(s) = 13*s - 13. Let p = 13 + -4. Let n(t) = 3*t - 3. Let q(y) = j*h(y) + p*n(y). What is q(8)?
7
Suppose 0 = d - 3*k - 2, 0*d - d = 4*k + 12. Let i(g) be the second derivative of -g**4/12 - 7*g**3/6 - 9*g**2/2 - g + 8306. Calculate i(d).
3
Let l(r) = -13*r - 21. Let z(i) = 37*i + 62. Let x be 3 + -3 + 6 + 0/(-5). Let h(q) = x*z(q) + 17*l(q). Give h(-13).
2
Let x(v) = -10 - 26498680*v - 3 + 26498679*v. Suppose -12 = -0*m + 2*m. Determine x(m).
-7
Let p = -107 - -109. Let y(s) = -s**3 - 353*s**2 + 697*s**p - 4 - 346*s**2. Calculate y(-3).
5
Suppose 0 = -15*l + 6131 + 2554. Let v = -591 + l. Let o(f) = -f**3 - 12*f**2 - 9. Give o(v).
-9
Let k(r) = -43*r - 47*r - 1 + 4 + 88*r. Let f(y) = -y + 4. Let h(b) = 2*f(b) - 3*k(b). Determine h(2).
7
Suppose -7 = -r - b - 11, 3*b = 0. Let x(z) = 5*z**3 + 4*z**2 - 10*z - 2. Let m(t) = -6*t**3 - 4*t**2 + 12*t + 1. Let p(f) = 4*m(f) + 5*x(f). Give p(r).
2
Let z be (1 + 4)/(-10)*-4. Let x(h) = -4*h**2 + 6*h**z - 5 + 9 - 14 - 25*h. Let a be x(13). Let n(t) = t**3 - 4*t**2 - 1. Determine n(a).
-10
Let z(d) = 4*d**2 - 4*d + 2. Suppose 0 = -3*f + 2*y + 2, 0 = f - 5*y - 148 + 156. Calculate z(f).
10
Let x(h) be the third derivative of h**6/120 - h**5/15 + h**4/6 - 3*h**3/2 + 9084*h**2. Determine x(4).
7
Let b(d) = -22*d**2 + 32*d + 7. Let j(h) = 23*h**2 - 38*h - 9. Let a(q) = 6*b(q) + 5*j(q). Give a(1).
-18
Let z be (8 + -10 - 2/(-2))*1. Let h be (6 + z)/(3/(-6)*-2). Let x(a) = -2*a + 2. What is x(h)?
-8
Let c(x) = x**2 + 7*x + 5. Let q(b) = -2*b**2 + 32*b - 37. Let s be (2 - 8)*4/(32/(-20)). Let k be q(s). Give c(k).
5
Suppose 0 = 231*z - 222*z. Let l(u) = z*u + 506 - 505 - u + u**2. Determine l(5).
21
Let u be (1/1)/((-71)/355). Let f(h) = -4*h - 1. Let v(y) = -2*y - 1. Let t = -11 - -7. Let m(q) = t*f(q) + 10*v(q). What is m(u)?
14
Let n(k) be the first derivative of -k**3 - k**2/2 + k - 2360. Determine n(-2).
-9
Let f(u) be the first derivative of u**2/2 + 6*u + 1777. Determine f(-8).
-2
Let z(l) = -46*l**2 - l - 1. Suppose p + g = -8, 2*g + 13 = -3*p - 15. Let v be 5 + 17/(34/p). Calculate z(v).
-46
Let d(s) be the third derivative of -s**4/8 + 2*s**3/3 + 41*s**2. Let x(z) = -z**3 - 4*z**2 - z - 3. Let f be x(-4). Let p = f - -4. What is d(p)?
-11
Let s(o) = 10*o**2 - 65*o - 11. Let r(a) = 22*a**2 - 143*a - 22. Let i(k) = 4*r(k) - 9*s(k). Give i(9).
-34
Let i(c) = 6*c**2 + 135*c + 72. Let n be i(-22). Let m(o) = 3*o - 4. Let x be m(4). Let u(w) = 5 + 2 - x*w + 0 + w**2. Calculate u(n).
-5
Let r(z) be the second derivative of -4*z**3/3 - 231*z**2/2 - 3262*z - 2. Give r(-26).
-23
Let l(h) = 4*h**3 - 5*h**2 - 30*h + 112. Let v(c) = -c**3 + c**2 + 7*c - 26. Let t(a) = -2*l(a) - 9*v(a). Give t(-4).
-26
Suppose -231 = -5*m + 6*m + 4*l, -3*m + 5*l - 625 = 0. Let o = m - -217. Let q(i) = i**3 - 2*i**2 + 2. Give q(o).
2
Let f(p) = -6 - 57*p**2 - 244*p + 0 - 152*p + 1 + 53*p. Give f(-6).
1
Let b = -14 - -5. Let o(k) = -k**3 - 7*k**2 + 20*k + 5. Calculate o(b).
-13
Let k(r) = -17*r + 585. Let f be k(35). Let l(p) = p**2 + 11*p + 3. Determine l(f).
-7
Let g(o) = o**2 + 8*o + 3. Let f = 20 + -1. Suppose 4*x + 27 = 4*z - 49, 0 = 2*z + 4*x - 56. Let q = f - z. Give g(q).
-12
Let c(o) = 27*o + 2280*o**2 - 4556*o**2 - 11 + 2278*o**2. What is c(-14)?
3
Let a be ((-300)/(-8))/5 - 3/(-6). Suppose -2*z = a, -3*v = -3*z + 5*z - 7. Let h = 9 - v. Let d(f) = -f - 5. Give d(h).
-9
Let s(z) = 3*z**2 + 4*z - 1. Let